rime factors of 4679673328?
2, 11, 3671, 7243
List the prime factors of 1906454211.
3, 23039, 27583
List the prime factors of 128004959.
23, 199, 27967
List the prime factors of 96587289.
3, 31, 167, 691
What are the prime factors of 947714796?
2, 3, 7, 1253591
List the prime factors of 167501685.
3, 5, 13, 431, 1993
List the prime factors of 108764059.
108764059
List the prime factors of 70046629.
29, 59, 40939
List the prime factors of 45264295.
5, 9052859
List the prime factors of 212115015.
3, 5, 7, 673381
List the prime factors of 233190451.
13, 269, 66683
List the prime factors of 218033045.
5, 37, 1178557
What are the prime factors of 140527152?
2, 3, 975883
What are the prime factors of 1307775151?
1307775151
List the prime factors of 1824023879.
67, 149, 182713
List the prime factors of 189393964.
2, 659, 71849
What are the prime factors of 883454431?
883454431
What are the prime factors of 196661237?
196661237
What are the prime factors of 73005376?
2, 1140709
List the prime factors of 5030720775.
3, 5, 22358759
What are the prime factors of 3203980419?
3, 1067993473
What are the prime factors of 1020065060?
2, 5, 7, 1217, 5987
What are the prime factors of 47888927?
197, 243091
List the prime factors of 2786114065.
5, 7, 79603259
List the prime factors of 1308106840.
2, 5, 71, 317, 1453
List the prime factors of 639171680.
2, 5, 7, 81527
What are the prime factors of 653002901?
1453, 449417
What are the prime factors of 55946722?
2, 13, 71, 30307
List the prime factors of 98001335.
5, 19, 1031593
What are the prime factors of 117850133?
101, 1166833
List the prime factors of 6044807252.
2, 11, 421, 326323
What are the prime factors of 714890753?
714890753
What are the prime factors of 1276022782?
2, 151, 307, 13763
What are the prime factors of 1242143793?
3, 11, 61, 71, 2897
What are the prime factors of 287405495?
5, 13, 19, 31, 7507
List the prime factors of 239531424.
2, 3, 11, 109, 2081
List the prime factors of 54022264.
2, 53, 103, 1237
List the prime factors of 85847066.
2, 83, 517151
List the prime factors of 179113431.
3, 7, 349, 24439
List the prime factors of 869133850.
2, 5, 13, 113, 11833
List the prime factors of 134274615.
3, 5, 19, 471139
What are the prime factors of 36581600?
2, 5, 11, 4157
What are the prime factors of 37170107?
13, 113, 25303
List the prime factors of 52788779.
52788779
What are the prime factors of 4605054052?
2, 1151263513
What are the prime factors of 495891417?
3, 7, 3373411
What are the prime factors of 13370876?
2, 3342719
List the prime factors of 512293761.
3, 7, 251, 10799
List the prime factors of 4993025391.
3, 59, 9403061
List the prime factors of 34711960.
2, 5, 17, 51047
What are the prime factors of 1341120722?
2, 37, 43, 421471
List the prime factors of 82114964.
2, 17, 41, 29453
List the prime factors of 44260449.
3, 683, 21601
List the prime factors of 30033442.
2, 1033, 14537
What are the prime factors of 570548133?
3, 191, 331907
List the prime factors of 71163572.
2, 17790893
List the prime factors of 1421266.
2, 7, 11, 839
List the prime factors of 2140513855.
5, 41, 10441531
What are the prime factors of 447605181?
3, 281, 176989
What are the prime factors of 24862632?
2, 3, 23, 73, 617
List the prime factors of 22576234.
2, 11288117
List the prime factors of 50397980.
2, 5, 2519899
List the prime factors of 583934592.
2, 3, 37, 73, 563
What are the prime factors of 43940755?
5, 8788151
List the prime factors of 384523068.
2, 3, 17, 1884917
What are the prime factors of 50793268?
2, 29, 157, 2789
What are the prime factors of 1595897227?
43, 37113889
List the prime factors of 79811825.
5, 31, 102983
What are the prime factors of 561296387?
561296387
What are the prime factors of 119734769?
7, 11, 491, 3167
List the prime factors of 1959600946.
2, 599, 1635727
List the prime factors of 1936019190.
2, 3, 5, 7, 9219139
What are the prime factors of 125560863?
3, 13951207
List the prime factors of 291309168.
2, 3, 23, 263867
What are the prime factors of 93433938?
2, 3, 13, 17, 31, 2273
What are the prime factors of 544046606?
2, 311, 874673
List the prime factors of 2812499431.
7, 17, 29, 53, 15377
List the prime factors of 49298370.
2, 3, 5, 11, 31, 61, 79
What are the prime factors of 1432753944?
2, 3, 397, 150373
What are the prime factors of 193471166?
2, 7, 71, 151, 1289
List the prime factors of 58260977.
37, 197, 7993
List the prime factors of 68149464.
2, 3, 17, 167033
What are the prime factors of 508790258?
2, 254395129
What are the prime factors of 41184673?
2647, 15559
What are the prime factors of 66266209?
41, 691, 2339
What are the prime factors of 1171662882?
2, 3, 13, 17, 43, 20549
List the prime factors of 1000977866.
2, 7, 3943, 18133
What are the prime factors of 139791567?
3, 127, 366907
List the prime factors of 81180178.
2, 127, 319607
What are the prime factors of 85034792?
2, 67, 158647
What are the prime factors of 1794863644?
2, 7, 7507, 8539
List the prime factors of 369042499.
7, 67, 109, 7219
What are the prime factors of 50489471?
1021, 49451
List the prime factors of 66575520.
2, 3, 5, 11, 467
List the prime factors of 870185968.
2, 41, 1326503
What are the prime factors of 597274941?
3, 353, 563999
List the prime factors of 32282993.
2281, 14153
What are the prime factors of 165065479?
53, 241, 12923
What are the prime factors of 851586295?
5, 7, 24331037
List the prime factors of 227050991.
2087, 108793
What are the prime factors of 102713934?
2, 3, 331, 51719
List the prime factors of 294437899.
7, 29, 43, 89, 379
What are the prime factors of 3399418248?
2, 3, 61, 107, 21701
List the prime factors of 469719451.
593, 792107
What are the prime factors of 108898188?
2, 3, 7, 43, 59, 73
List the prime factors of 641314353.
3, 19, 11251129
What are the prime factors of 318570997?
67, 4754791
List the prime factors of 225453897.
3, 71, 389, 907
List the prime factors of 40528991.
557, 72763
What are the prime factors of 118767252?
2, 3, 19, 359, 1451
List the prime factors of 51033679.
51033679
List the prime factors of 72955202.
2, 1409, 25889
What are the prime factors of 3873389366?
2, 7, 11, 103, 113, 2161
What are the prime factors of 4649973678?
2, 3, 7, 5272079
List the prime factors of 56336304.
2, 3, 149, 7877
List the prime factors of 3572522769.
3, 83, 14347481
What are the prime factors of 38787326?
2, 29, 668747
What are the prime factors of 164644914?
2, 3, 7, 223, 17579
List the prime factors of 5062731965.
5, 461, 2196413
List the prime factors of 1111052046.
2, 3, 13, 1571, 9067
What are the prime factors of 519455164?
2, 129863791
What are the prime factors of 47685625?
5, 13, 5869
List the prime factors of 2049527721.
3, 41, 16662827
List the prime factors of 49090900.
2, 5, 17, 67, 431
What are the prime factors of 1966177535?
5, 7, 4801, 11701
What are the prime factors of 8172599422?
2, 13, 233, 1349059
List the prime factors of 2703660151.
311, 8693441
List the prime factors of 182047996.
2, 13, 31, 3643
What are the prime factors of 27795367?
27795367
What are the prime factors of 577171833?
3, 7, 29, 135391
List the prime factors of 387708275.
5, 15508331
List the prime factors of 1321393250.
2, 5, 47, 112459
What are the prime factors of 817456517?
817456517
List the prime factors of 50313010.
2, 5, 11, 43, 967
What are the prime factors of 63465479?
7, 11, 824227
What are the prime factors of 104709284?
2, 26177321
List the prime factors of 2754758986.
2, 7, 196768499
What are the prime factors of 26448567?
3, 41, 101, 2129
List the prime factors of 963907611.
3, 321302537
What are the prime factors of 1978925294?
2, 431, 449, 5113
List the prime factors of 278274518.
2, 929, 149771
List the prime factors of 450540859.
23, 157, 124769
What are the prime factors of 108746657?
211, 293, 1759
What are the prime factors of 1968512?
2, 7, 13
List the prime factors of 150876944.
2, 9429809
List the prime factors of 59404452.
2, 3, 1453, 3407
What are the prime factors of 141546259?
141546259
List the prime factors of 1381731831.
3, 17, 23, 7699
List the prime factors of 1476726678.
2, 3, 7, 11720053
What are the prime factors of 422032551?
3, 2069, 67993
What are the prime factors of 2335136905?
5, 79, 5911739
What are t